3663
List the prime factors of 105654807.
3, 163, 24007
What are the prime factors of 325128964?
2, 307, 264763
What are the prime factors of 112266270?
2, 3, 5, 415801
List the prime factors of 1760100225.
3, 5, 13, 1805231
What are the prime factors of 8902916?
2, 11, 202339
What are the prime factors of 1579511877?
3, 73, 7212383
What are the prime factors of 108238401?
3, 41, 293329
List the prime factors of 122436543.
3, 101, 404081
What are the prime factors of 597857751?
3, 17, 347, 11261
What are the prime factors of 2596432375?
5, 769, 27011
What are the prime factors of 79445015?
5, 13, 1222231
List the prime factors of 2305087595.
5, 461017519
List the prime factors of 121206485.
5, 24241297
List the prime factors of 4509793326.
2, 3, 751632221
What are the prime factors of 137752882?
2, 68876441
What are the prime factors of 218656480?
2, 5, 7, 195229
List the prime factors of 54404247.
3, 71, 255419
What are the prime factors of 222087511?
222087511
List the prime factors of 238149746.
2, 499, 238627
List the prime factors of 81519388.
2, 197, 103451
List the prime factors of 3782105151.
3, 11, 29, 3952043
List the prime factors of 1562764923.
3, 23, 328243
What are the prime factors of 28003218?
2, 3, 139, 33577
What are the prime factors of 79274971?
79274971
What are the prime factors of 16346666?
2, 7, 197, 5927
What are the prime factors of 811454544?
2, 3, 1878367
What are the prime factors of 194367848?
2, 23, 1056347
What are the prime factors of 1705132895?
5, 17, 20060387
List the prime factors of 4365885031.
31, 140835001
What are the prime factors of 18245539?
13, 17, 82559
What are the prime factors of 1803876541?
271, 6656371
What are the prime factors of 3147441?
3, 11, 127, 751
List the prime factors of 50669550.
2, 3, 5, 12511
What are the prime factors of 1615979523?
3, 17, 79, 401087
What are the prime factors of 253444750?
2, 5, 13, 77983
What are the prime factors of 724855782?
2, 3, 7, 1051, 16421
List the prime factors of 1067522814.
2, 3, 61, 4001
What are the prime factors of 73053202?
2, 193, 189257
What are the prime factors of 1635660249?
3, 23, 3079, 7699
What are the prime factors of 6253504033?
7, 893357719
List the prime factors of 17136382.
2, 8568191
What are the prime factors of 49782956?
2, 79, 257, 613
List the prime factors of 992125772.
2, 11, 73, 499, 619
List the prime factors of 46624544.
2, 41, 35537
What are the prime factors of 73890309?
3, 2309, 10667
List the prime factors of 226938894.
2, 3, 7, 13, 59377
What are the prime factors of 130263735?
3, 5, 7, 1240607
List the prime factors of 562810077.
3, 19, 101, 32587
What are the prime factors of 24873963?
3, 163, 50867
What are the prime factors of 29813698?
2, 19, 47, 16693
What are the prime factors of 1129659232?
2, 13, 73, 37199
What are the prime factors of 110315344?
2, 523, 13183
List the prime factors of 162612607.
162612607
List the prime factors of 3017059432.
2, 377132429
What are the prime factors of 453175619?
13, 34859663
What are the prime factors of 1752296908?
2, 438074227
List the prime factors of 58149027.
3, 17, 380059
What are the prime factors of 3434333613?
3, 29, 39475099
List the prime factors of 769903177.
641, 1201097
What are the prime factors of 2734239309?
3, 73, 157, 281, 283
List the prime factors of 113032904.
2, 1279, 11047
What are the prime factors of 185570682?
2, 3, 11, 19, 1223
What are the prime factors of 48985820?
2, 5, 13, 188407
List the prime factors of 226069326.
2, 3, 7, 29, 41, 503
What are the prime factors of 85392304?
2, 67, 79657
What are the prime factors of 1887159824?
2, 11, 10722499
List the prime factors of 1168427201.
1168427201
What are the prime factors of 767140353?
3, 7, 31, 12671
What are the prime factors of 53366011?
53366011
What are the prime factors of 4520786416?
2, 8677, 32563
What are the prime factors of 55151596?
2, 13787899
List the prime factors of 763963864.
2, 37, 2580959
List the prime factors of 69185707.
19, 31, 101, 1163
What are the prime factors of 68692996?
2, 23, 29, 25747
List the prime factors of 39801048.
2, 3, 7, 19, 37, 337
What are the prime factors of 54007198?
2, 7, 17, 37, 6133
List the prime factors of 228206939.
228206939
What are the prime factors of 404597235?
3, 5, 7, 127, 30341
What are the prime factors of 1576800284?
2, 101, 613, 6367
What are the prime factors of 1239085181?
1239085181
List the prime factors of 1084229744.
2, 13, 1297, 4019
What are the prime factors of 254574601?
254574601
List the prime factors of 25646836.
2, 6411709
List the prime factors of 107069224.
2, 13383653
What are the prime factors of 289633711?
53, 5464787
List the prime factors of 71122607.
179, 251, 1583
What are the prime factors of 5535743?
5535743
What are the prime factors of 145363807?
233, 623879
List the prime factors of 220767009.
3, 73589003
What are the prime factors of 358919592?
2, 3, 2549, 5867
List the prime factors of 356720553.
3, 7, 47, 120473
List the prime factors of 887685530.
2, 5, 1213, 73181
What are the prime factors of 195312225?
3, 5, 2604163
What are the prime factors of 89433786?
2, 3, 13, 89, 991
What are the prime factors of 24509513?
7, 23, 41, 47, 79
List the prime factors of 79246438.
2, 39623219
List the prime factors of 89523885.
3, 5, 11, 263, 2063
List the prime factors of 809233790.
2, 5, 80923379
What are the prime factors of 352738053?
3, 1459, 26863
List the prime factors of 1040236429.
281, 467, 7927
List the prime factors of 2575748751.
3, 157, 821, 6661
What are the prime factors of 4475805065?
5, 47, 19045979
List the prime factors of 66847601.
66847601
What are the prime factors of 14134910?
2, 5, 139, 10169
What are the prime factors of 771809683?
29, 26614127
What are the prime factors of 413832038?
2, 206916019
What are the prime factors of 3354268486?
2, 1123, 1493441
List the prime factors of 673264755.
3, 5, 443, 33773
What are the prime factors of 359344928?
2, 59, 190331
List the prime factors of 350383250.
2, 5, 7, 347, 577
What are the prime factors of 4483769225?
5, 13, 41, 97, 3469
What are the prime factors of 6313894733?
317, 19917649
List the prime factors of 14515636.
2, 283, 12823
What are the prime factors of 2307649248?
2, 3, 23, 29, 41, 293
What are the prime factors of 383990876?
2, 79, 1215161
What are the prime factors of 5213317081?
7, 1663, 447841
What are the prime factors of 426654748?
2, 13, 8204899
What are the prime factors of 26605640?
2, 5, 665141
What are the prime factors of 90869059?
181, 502039
List the prime factors of 62973174.
2, 3, 11, 954139
List the prime factors of 15296503.
37, 331, 1249
What are the prime factors of 2001530730?
2, 3, 5, 1493, 44687
List the prime factors of 7364356225.
5, 17, 137, 126481
List the prime factors of 112485586.
2, 19, 61, 48527
What are the prime factors of 51991769?
51991769
What are the prime factors of 1860365?
5, 13, 28621
List the prime factors of 1461993539.
41, 197, 317, 571
What are the prime factors of 408800?
2, 5, 7, 73
What are the prime factors of 327776974?
2, 7, 477809
What are the prime factors of 1755404057?
11, 159582187
What are the prime factors of 4030923606?
2, 3, 19, 35358979
What are the prime factors of 154994790?
2, 3, 5, 43, 53, 2267
What are the prime factors of 110709225?
3, 5, 11, 41, 1091
List the prime factors of 10351527.
3, 37, 93257
What are the prime factors of 714026740?
2, 5, 7, 37, 307, 449
What are the prime factors of 1871186280?
2, 3, 5, 43, 362633
List the prime factors of 2364284511.
3, 311, 281563
What are the prime factors of 27264185?
5, 13, 419449
List the prime factors of 287119724.
2, 59, 1103
List the prime factors of 1812591534.
2, 3, 13, 23238353
List the prime factors of 11143784.
2, 1019, 1367
List the prime factors of 83117828.
2, 17, 29, 113, 373
What are the prime factors of 49469414?
2, 61, 405487
List the prime factors of 1883231299.
383, 773, 6361
List the prime factors of 25415096.
2, 7, 73, 6217
List the prime factors of 1562017167.
3, 173557463
List the prime factors of 832515664.
2, 31, 1678459
What are the prime factors of 151898555?
5, 23, 113, 11689
List the prime factors of 1371911147.
641, 2140267
What are the prime factors of 36454856?
2, 29, 157133
List the